{"version":"1.0","provider_name":"activeMind.legal","provider_url":"https:\/\/www.activemind.legal\/de\/","author_name":"rethinkdigital","author_url":"https:\/\/www.activemind.legal\/de\/guides\/author\/rethinkdigital\/","title":"Sanktionen und Bu\u00dfgelder unter spanischem Datenschutzrecht | activeMind.legal","type":"rich","width":600,"height":338,"html":"<blockquote class=\"wp-embedded-content\" data-secret=\"GTvPyPkOhy\"><a href=\"https:\/\/www.activemind.legal\/de\/law\/es-sanktionen\/\">Sanktionen und Bu\u00dfgelder unter spanischem Datenschutzrecht<\/a><\/blockquote><iframe sandbox=\"allow-scripts\" security=\"restricted\" src=\"https:\/\/www.activemind.legal\/de\/law\/es-sanktionen\/embed\/#?secret=GTvPyPkOhy\" width=\"600\" height=\"338\" title=\"&#8220;Sanktionen und Bu\u00dfgelder unter spanischem Datenschutzrecht&#8221; &#8212; activeMind.legal\" data-secret=\"GTvPyPkOhy\" frameborder=\"0\" marginwidth=\"0\" marginheight=\"0\" scrolling=\"no\" class=\"wp-embedded-content\"><\/iframe><script>\n\/*! This file is auto-generated *\/\n!function(d,l){\"use strict\";l.querySelector&&d.addEventListener&&\"undefined\"!=typeof URL&&(d.wp=d.wp||{},d.wp.receiveEmbedMessage||(d.wp.receiveEmbedMessage=function(e){var t=e.data;if((t||t.secret||t.message||t.value)&&!\/[^a-zA-Z0-9]\/.test(t.secret)){for(var s,r,n,a=l.querySelectorAll('iframe[data-secret=\"'+t.secret+'\"]'),o=l.querySelectorAll('blockquote[data-secret=\"'+t.secret+'\"]'),c=new RegExp(\"^https?:$\",\"i\"),i=0;i<o.length;i++)o[i].style.display=\"none\";for(i=0;i<a.length;i++)s=a[i],e.source===s.contentWindow&&(s.removeAttribute(\"style\"),\"height\"===t.message?(1e3<(r=parseInt(t.value,10))?r=1e3:~~r<200&&(r=200),s.height=r):\"link\"===t.message&&(r=new URL(s.getAttribute(\"src\")),n=new URL(t.value),c.test(n.protocol))&&n.host===r.host&&l.activeElement===s&&(d.top.location.href=t.value))}},d.addEventListener(\"message\",d.wp.receiveEmbedMessage,!1),l.addEventListener(\"DOMContentLoaded\",function(){for(var e,t,s=l.querySelectorAll(\"iframe.wp-embedded-content\"),r=0;r<s.length;r++)(t=(e=s[r]).getAttribute(\"data-secret\"))||(t=Math.random().toString(36).substring(2,12),e.src+=\"#?secret=\"+t,e.setAttribute(\"data-secret\",t)),e.contentWindow.postMessage({message:\"ready\",secret:t},\"*\")},!1)))}(window,document);\n\/\/# sourceURL=https:\/\/www.activemind.legal\/wp-includes\/js\/wp-embed.min.js\n<\/script>\n","description":"Art. 71 bis 74 Staatsgesetz 3\/2018 bestimmt feinere Kategorien von Verst\u00f6\u00dfen im Vergleich zur DSGVO. Die Kategorien unterscheiden sich in sehr schwere, schwere und geringf\u00fcgige Verst\u00f6\u00dfe. Es gilt eine Verj\u00e4hrungsfrist von drei, zwei bzw. einem Jahr. Beispiele f\u00fcr schwere Verst\u00f6\u00dfe sind: die Verarbeitung von Daten Minderj\u00e4hriger ohne deren Einwilligung oder die Einwilligung des Sorgeberechtigten; die [&hellip;]"}

Sanktionen und Bußgelder unter spanischem Datenschutzrecht | activeMind.legal

<blockquote class="wp-embedded-content" data-secret="GTvPyPkOhy"><a href="https://www.activemind.legal/de/law/es-sanktionen/">Sanktionen und Bußgelder unter spanischem Datenschutzrecht</a></blockquote><iframe sandbox="allow-scripts" security="restricted" src="https://www.activemind.legal/de/law/es-sanktionen/embed/#?secret=GTvPyPkOhy" width="600" height="338" title="&#8220;Sanktionen und Bußgelder unter spanischem Datenschutzrecht&#8221; &#8212; activeMind.legal" data-secret="GTvPyPkOhy" frameborder="0" marginwidth="0" marginheight="0" scrolling="no" class="wp-embedded-content"></iframe><script>
/*! This file is auto-generated */
!function(d,l){"use strict";l.querySelector&&d.addEventListener&&"undefined"!=typeof URL&&(d.wp=d.wp||{},d.wp.receiveEmbedMessage||(d.wp.receiveEmbedMessage=function(e){var t=e.data;if((t||t.secret||t.message||t.value)&&!/[^a-zA-Z0-9]/.test(t.secret)){for(var s,r,n,a=l.querySelectorAll('iframe[data-secret="'+t.secret+'"]'),o=l.querySelectorAll('blockquote[data-secret="'+t.secret+'"]'),c=new RegExp("^https?:$","i"),i=0;i<o.length;i++)o[i].style.display="none";for(i=0;i<a.length;i++)s=a[i],e.source===s.contentWindow&&(s.removeAttribute("style"),"height"===t.message?(1e3<(r=parseInt(t.value,10))?r=1e3:~~r<200&&(r=200),s.height=r):"link"===t.message&&(r=new URL(s.getAttribute("src")),n=new URL(t.value),c.test(n.protocol))&&n.host===r.host&&l.activeElement===s&&(d.top.location.href=t.value))}},d.addEventListener("message",d.wp.receiveEmbedMessage,!1),l.addEventListener("DOMContentLoaded",function(){for(var e,t,s=l.querySelectorAll("iframe.wp-embedded-content"),r=0;r<s.length;r++)(t=(e=s[r]).getAttribute("data-secret"))||(t=Math.random().toString(36).substring(2,12),e.src+="#?secret="+t,e.setAttribute("data-secret",t)),e.contentWindow.postMessage({message:"ready",secret:t},"*")},!1)))}(window,document);
//# sourceURL=https://www.activemind.legal/wp-includes/js/wp-embed.min.js
</script>

Art. 71 bis 74 Staatsgesetz 3/2018 bestimmt feinere Kategorien von Verstößen im Vergleich zur DSGVO. Die Kategorien unterscheiden sich in sehr schwere, schwere und geringfügige Verstöße. Es gilt eine Verjährungsfrist von drei, zwei bzw. einem Jahr. Beispiele für schwere Verstöße sind: die Verarbeitung von Daten Minderjähriger ohne deren Einwilligung oder die Einwilligung des Sorgeberechtigten; die [&hellip;]
