{"version":"1.0","provider_name":"activeMind.legal","provider_url":"https:\/\/www.activemind.legal\/de\/","author_name":"rethinkdigital","author_url":"https:\/\/www.activemind.legal\/de\/guides\/author\/rethinkdigital\/","title":"Archivierung, wissenschaftliche und historische Forschung gem\u00e4\u00df spanischem Datenschutzrecht | activeMind.legal","type":"rich","width":600,"height":338,"html":"<blockquote class=\"wp-embedded-content\" data-secret=\"HNjGiHNcxV\"><a href=\"https:\/\/www.activemind.legal\/de\/law\/es-forschung\/\">Archivierung, wissenschaftliche und historische Forschung gem\u00e4\u00df spanischem Datenschutzrecht<\/a><\/blockquote><iframe sandbox=\"allow-scripts\" security=\"restricted\" src=\"https:\/\/www.activemind.legal\/de\/law\/es-forschung\/embed\/#?secret=HNjGiHNcxV\" width=\"600\" height=\"338\" title=\"&#8220;Archivierung, wissenschaftliche und historische Forschung gem\u00e4\u00df spanischem Datenschutzrecht&#8221; &#8212; activeMind.legal\" data-secret=\"HNjGiHNcxV\" frameborder=\"0\" marginwidth=\"0\" marginheight=\"0\" scrolling=\"no\" class=\"wp-embedded-content\"><\/iframe><script>\n\/*! This file is auto-generated *\/\n!function(d,l){\"use strict\";l.querySelector&&d.addEventListener&&\"undefined\"!=typeof URL&&(d.wp=d.wp||{},d.wp.receiveEmbedMessage||(d.wp.receiveEmbedMessage=function(e){var t=e.data;if((t||t.secret||t.message||t.value)&&!\/[^a-zA-Z0-9]\/.test(t.secret)){for(var s,r,n,a=l.querySelectorAll('iframe[data-secret=\"'+t.secret+'\"]'),o=l.querySelectorAll('blockquote[data-secret=\"'+t.secret+'\"]'),c=new RegExp(\"^https?:$\",\"i\"),i=0;i<o.length;i++)o[i].style.display=\"none\";for(i=0;i<a.length;i++)s=a[i],e.source===s.contentWindow&&(s.removeAttribute(\"style\"),\"height\"===t.message?(1e3<(r=parseInt(t.value,10))?r=1e3:~~r<200&&(r=200),s.height=r):\"link\"===t.message&&(r=new URL(s.getAttribute(\"src\")),n=new URL(t.value),c.test(n.protocol))&&n.host===r.host&&l.activeElement===s&&(d.top.location.href=t.value))}},d.addEventListener(\"message\",d.wp.receiveEmbedMessage,!1),l.addEventListener(\"DOMContentLoaded\",function(){for(var e,t,s=l.querySelectorAll(\"iframe.wp-embedded-content\"),r=0;r<s.length;r++)(t=(e=s[r]).getAttribute(\"data-secret\"))||(t=Math.random().toString(36).substring(2,12),e.src+=\"#?secret=\"+t,e.setAttribute(\"data-secret\",t)),e.contentWindow.postMessage({message:\"ready\",secret:t},\"*\")},!1)))}(window,document);\n\/\/# sourceURL=https:\/\/www.activemind.legal\/wp-includes\/js\/wp-embed.min.js\n<\/script>\n","description":"Zust\u00e4ndige Stellen k\u00f6nnen die Rechte der Betroffenen nach Art. 15-22 DSGVO gem\u00e4\u00df Art. 25 Staatsgesetz 3\/2018 verwehren. Dies gilt jedoch nur, wenn sie personenbezogene Daten f\u00fcr \u00f6ffentliche statistische Zwecke verarbeiten und wenn die betreffenden Daten der statistischen Geheimhaltung unterliegen. Die statistische Geheimhaltung muss durch staatliche oder regional-spanische Gesetze geboten sein. Nach Art. 26 Staatsgesetz 3\/2018, [&hellip;]"}

Archivierung, wissenschaftliche und historische Forschung gemäß spanischem Datenschutzrecht | activeMind.legal

<blockquote class="wp-embedded-content" data-secret="HNjGiHNcxV"><a href="https://www.activemind.legal/de/law/es-forschung/">Archivierung, wissenschaftliche und historische Forschung gemäß spanischem Datenschutzrecht</a></blockquote><iframe sandbox="allow-scripts" security="restricted" src="https://www.activemind.legal/de/law/es-forschung/embed/#?secret=HNjGiHNcxV" width="600" height="338" title="&#8220;Archivierung, wissenschaftliche und historische Forschung gemäß spanischem Datenschutzrecht&#8221; &#8212; activeMind.legal" data-secret="HNjGiHNcxV" frameborder="0" marginwidth="0" marginheight="0" scrolling="no" class="wp-embedded-content"></iframe><script>
/*! This file is auto-generated */
!function(d,l){"use strict";l.querySelector&&d.addEventListener&&"undefined"!=typeof URL&&(d.wp=d.wp||{},d.wp.receiveEmbedMessage||(d.wp.receiveEmbedMessage=function(e){var t=e.data;if((t||t.secret||t.message||t.value)&&!/[^a-zA-Z0-9]/.test(t.secret)){for(var s,r,n,a=l.querySelectorAll('iframe[data-secret="'+t.secret+'"]'),o=l.querySelectorAll('blockquote[data-secret="'+t.secret+'"]'),c=new RegExp("^https?:$","i"),i=0;i<o.length;i++)o[i].style.display="none";for(i=0;i<a.length;i++)s=a[i],e.source===s.contentWindow&&(s.removeAttribute("style"),"height"===t.message?(1e3<(r=parseInt(t.value,10))?r=1e3:~~r<200&&(r=200),s.height=r):"link"===t.message&&(r=new URL(s.getAttribute("src")),n=new URL(t.value),c.test(n.protocol))&&n.host===r.host&&l.activeElement===s&&(d.top.location.href=t.value))}},d.addEventListener("message",d.wp.receiveEmbedMessage,!1),l.addEventListener("DOMContentLoaded",function(){for(var e,t,s=l.querySelectorAll("iframe.wp-embedded-content"),r=0;r<s.length;r++)(t=(e=s[r]).getAttribute("data-secret"))||(t=Math.random().toString(36).substring(2,12),e.src+="#?secret="+t,e.setAttribute("data-secret",t)),e.contentWindow.postMessage({message:"ready",secret:t},"*")},!1)))}(window,document);
//# sourceURL=https://www.activemind.legal/wp-includes/js/wp-embed.min.js
</script>

Zuständige Stellen können die Rechte der Betroffenen nach Art. 15-22 DSGVO gemäß Art. 25 Staatsgesetz 3/2018 verwehren. Dies gilt jedoch nur, wenn sie personenbezogene Daten für öffentliche statistische Zwecke verarbeiten und wenn die betreffenden Daten der statistischen Geheimhaltung unterliegen. Die statistische Geheimhaltung muss durch staatliche oder regional-spanische Gesetze geboten sein. Nach Art. 26 Staatsgesetz 3/2018, [&hellip;]
